se
Is 1026763817 prime?
True
Is 15211100029 composite?
False
Is 283551887 a composite number?
False
Is 7495748257 prime?
True
Is 284608109 prime?
False
Is 9477581071 composite?
True
Is 11788703449 prime?
True
Is 493658363 prime?
False
Is 37955633 a composite number?
False
Is 436795055 composite?
True
Is 27834206513 a prime number?
False
Is 193170221 a prime number?
True
Is 122597371315 a composite number?
True
Is 1051754437 a prime number?
False
Is 18269577041 composite?
False
Is 73300014149 prime?
False
Is 20246901677 a composite number?
False
Is 34465787533 composite?
False
Is 173244170137 a composite number?
True
Is 7282629503 prime?
True
Is 2421201583 prime?
False
Is 48534929 a prime number?
True
Is 1437290399 a prime number?
True
Is 11221674349 a composite number?
True
Is 157920594574 prime?
False
Is 1870057543 a prime number?
False
Is 172168039 a prime number?
False
Is 4224956909 a prime number?
False
Is 1200497279 a composite number?
True
Is 1413212663 prime?
False
Is 198107321509 a prime number?
False
Is 1901603929 a prime number?
True
Is 9422932853 a composite number?
True
Is 869945051 a prime number?
False
Is 1278734417 prime?
True
Is 5831113081 prime?
True
Is 338443541 prime?
True
Is 2125084891 a prime number?
False
Is 42380152709 a composite number?
False
Is 2732945681 a prime number?
True
Is 18593750353 a composite number?
False
Is 436645933 prime?
False
Is 112896707797 composite?
True
Is 615627971 a composite number?
True
Is 2026579321 composite?
True
Is 105595484987 a prime number?
False
Is 1293005809 a composite number?
False
Is 10317520069 composite?
False
Is 34975569323 a composite number?
True
Is 3697037557 a composite number?
False
Is 6666500837 composite?
False
Is 212612177 composite?
False
Is 189369671 composite?
True
Is 101258553637 prime?
False
Is 1746585857 a prime number?
True
Is 9696196021 prime?
False
Is 1086378989 prime?
True
Is 38743687 a composite number?
False
Is 75759816391 a composite number?
True
Is 163608217 composite?
False
Is 17915144699 a composite number?
False
Is 457329533 composite?
False
Is 93348220619 prime?
True
Is 283108697 a composite number?
True
Is 1642060489 prime?
False
Is 35451753567 composite?
True
Is 4419806873 prime?
True
Is 2937145279 prime?
False
Is 193257731 a prime number?
True
Is 600726367 a composite number?
False
Is 336859 composite?
True
Is 986744249 prime?
True
Is 1403233673 composite?
False
Is 2315646007 composite?
True
Is 98291553449 composite?
False
Is 1024596067 prime?
False
Is 145371703 composite?
False
Is 227111461 a prime number?
False
Is 82794856597 a prime number?
False
Is 6278976631 a composite number?
False
Is 1192371077 a prime number?
False
Is 307673573 prime?
False
Is 115389649 a composite number?
False
Is 260885869 a composite number?
True
Is 8051543449 a prime number?
False
Is 7336016287 a composite number?
True
Is 926679671 composite?
True
Is 135531151183 composite?
False
Is 136648037879 composite?
False
Is 216118504279 prime?
True
Is 372305041 prime?
True
Is 1476898009 a prime number?
False
Is 1352812267 composite?
False
Is 8472869879 prime?
False
Is 4866104471 prime?
False
Is 21410466947 a prime number?
True
Is 1421133061 a prime number?
True
Is 19728016449 a prime number?
False
Is 145336501 a prime number?
True
Is 1242751871 a prime number?
False
Is 31080778111 a composite number?
False
Is 6271524278 prime?
False
Is 97327883 a prime number?
False
Is 117271836713 a composite number?
False
Is 12797245479 a prime number?
False
Is 80281031143 a prime number?
True
Is 712989821 a composite number?
True
Is 23964269297 a composite number?
False
Is 72156593 prime?
True
Is 175256441 a prime number?
True
Is 1174485071 a composite number?
False
Is 876046093 a prime number?
False
Is 109448700661 a composite number?
False
Is 65722602221 a composite number?
True
Is 3096624691 composite?
False
Is 2783871509 prime?
True
Is 1768017737 a prime number?
True
Is 340728559 composite?
True
Is 100019012479 composite?
True
Is 31308233773 a composite number?
False
Is 1320919 a prime number?
False
Is 571534343 a prime number?
True
Is 688529993 a prime number?
True
Is 802100189 a prime number?
False
Is 673618741 a prime number?
True
Is 2933086271 composite?
False
Is 8115002407 a composite number?
False
Is 22292341597 a composite number?
False
Is 71422062941 a prime number?
True
Is 1568331347 composite?
True
Is 788555273 a composite number?
True
Is 644169157 prime?
True
Is 2428797143 composite?
False
Is 2970851803 a prime number?
True
Is 477865351 a composite number?
False
Is 102552516529 prime?
False
Is 15984629473 prime?
False
Is 21035743979 a composite number?
True
Is 2749714939 composite?
True
Is 461900941 composite?
True
Is 11484700807 a composite number?
False
Is 11590555453 composite?
True
Is 164686541 a prime number?
True
Is 305914051 prime?
False
Is 62491523 a composite number?
False
Is 2003995177 a prime number?
False
Is 159181327 a composite number?
False
Is 26860865701 composite?
True
Is 156776687 a composite number?
False
Is 3939896557 composite?
True
Is 272134987409 a composite number?
False
Is 59444289341 prime?
False
Is 1648762649 composite?
False
Is 42120918821 composite?
True
Is 191069284219 prime?
False
Is 44427802591 a composite number?
False
Is 5373639529 prime?
False
Is 20211319417 composite?
False
Is 296782721 a composite number?
True
Is 771117953 prime?
True
Is 49344685253 a prime number?
True
Is 67439719027 a prime number?
False
Is 6526504979 a prime number?
True
Is 3635795651 a prime number?
False
Is 1142466289 a composite number?
False
Is 3755223085 composite?
True
Is 53165294663 composite?
True
Is 2360448689 a prime number?
True
Is 1644710779 composite?
False
Is 1371441353 composite?
False
Is 1619187469 a composite number?
False
Is 75685174633 a prime number?
False
Is 217582106347 a prime number?
True
Is 2233216213 a composite number?
True
Is 3981300041 a composite number?
False
Is 321625679 prime?
True
Is 808686321 a prime number?
False
Is 1538546239 a composite number?
False
Is 13447553363 a composite number?
True
Is 2423142721 a composite number?
False
Is 499839623 a composite number?
True
Is 5938467247 a composite number?
False
Is 246039977 a composite number?
False
Is 20520990199 composite?
False
Is 1709489491 prime?
False
Is 5618000411 composite?
False
Is 1368553547 a composite number?
False
Is 559018921 prime?
False
Is 1270141759 a prime number?
True
Is 456558967 a prime number?
True
Is 181628873 a prime number?
False
Is 1991869213 a prime number?
True
Is 4472313211 composite?
False
Is 123839303 composite?
True
Is 407971561 composite?
False
Is 40944599 composite?
False
Is 1385806181 prime?
True
Is 23684894873 prime?
False
Is 410461958 a composite number?
True
Is 39663853 composite?
False
Is 772834627 composite?
True
Is 393012827 a composite number?
False
Is 33620917397 prime?
False
Is 3869376833 composite?
True
Is 147633 composite?
True
Is 4126124257 a prime number?
False
Is 64789291 a prime number?
False
Is 39178804835 prime?
False
Is 14254159789 a prime number?
False
Is 197079032383 prime?
True
Is 590517115 a composite number?
True
Is 341501243 a composite number?
True
Is 4427657477 a prime number?
True
Is 4037191607 a prime number?
True
Is 124153789433 a composite number?
True
Is 6357923983 a prime number?
True
Is 12861953945 prime?
False
Is 14232472711 composite?
False
Is 96094091 prime?
True
Is 13206913193 a prime number?
True
Is 25484286687 composite?
True
Is 2028616211 composite?
False
Is 81231410347 a composite number?
True
Is 413369939 composite?
True
Is 6605243917 a prime number?
True
Is 689399813 prime?
True
Is 92656127687 composite?
False
Is 357890917 a prime number?
True
Is 26139771527 prime?
False
Is 10543704287 a prime number?
True
Is 10213128061 composite?
False
Is 5509873339 a prime number?
True
Is 9296251 composite?
False
Is 7196002997 a composite number?
True
Is 1618135681 a prime number?
False
Is 3936668251 a composite number?
True
Is 2053990277 prime?
True
Is 171587758933 prime?
False
Is 528828259 a prime number?
False
Is 5081372671 a prime number?
True
Is 2583589061 prime?
False
Is 133087862747 prime?
False
Is 131357857 a prime number?
False
Is 441846829 prime?
True
Is 2564982817 a prime number?
True
Is 1591812613 composite?
Fals